 Is 22 a factor of t?
False
Let p = -20 + 31. Is 35/p - 4/22 a multiple of 3?
True
Is 15 a factor of (-1 + 4)/(-1) + (-315)/(-5)?
True
Let f(b) = b**3 - 3*b**2 - b + 3. Let z be f(4). Suppose 3*t - 6 = 3*c - z, -4*c + 21 = -t. Suppose -88 = 2*a - c*a. Is 15 a factor of a?
False
Suppose 2*y - 3*f = -5*f + 42, -3*f = -9. Is 7 a factor of y?
False
Let w = 46 + -24. Is 22 a factor of w?
True
Suppose 0*m - 2*m = 12. Is (3/m)/(1/(-34)) a multiple of 8?
False
Let c be 2/6 - 4/(-6). Let n = 3 + c. Suppose -8*l + 45 = -4*l + f, n*l - 15 = 5*f. Is 7 a factor of l?
False
Suppose 12*b - 15*b + 9 = 0. Let g(k) = k**3 - k**2 - 2*k + 2. Is g(b) a multiple of 14?
True
Suppose 0 = -0*w - w + 45. Suppose -w = -4*a + 91. Is 9 a factor of a?
False
Let b be (4/(-12)*0)/(-1). Suppose b = 8*z - 7*z - 25. Is z a multiple of 6?
False
Suppose 0 = 2*i - 0*i + 36. Let z = i + 34. Is 6 a factor of ((-27)/4)/((-6)/z)?
True
Let u = -5 + 5. Suppose u = o + 4*t - 46, o - 46 = t - 4*t. Does 23 divide o?
True
Suppose 5*i - 2*s = 0, -5*s = -2*i - 4*s. Suppose i = 5*t - 2*x - 2*x - 54, 0 = 5*t + 5*x - 45. Does 10 divide t?
True
Suppose r + 0*r = -3*j - 48, 4*r = 3*j + 33. Suppose -6 = -y + 22. Let q = y + j. Is 13 a factor of q?
True
Let w = -44 + 65. Is w a multiple of 7?
True
Let l(x) be the first derivative of -x**5/30 + x**3/3 + 1. Let v(c) be the third derivative of l(c). Is v(-1) a multiple of 4?
True
Let h(n) = 12*n**2 - 15*n - 42. Is 30 a factor of h(-4)?
True
Suppose 3*f + 7 + 7 = 4*k, 4*f - 18 = -2*k. Does 8 divide (10 + -2)*f*1?
True
Is (24/(-9))/((-3)/63) a multiple of 14?
True
Suppose 2*f - 334 - 6 = -2*m, -4*m - 3*f + 684 = 0. Is 8 a factor of m?
False
Let u = -113 + 179. Is 33 a factor of u?
True
Suppose 2*b + 3*t = 6, -3*b + 4*t = 2*b - 15. Suppose b*a + a = 8. Is a a multiple of 2?
True
Suppose -4*w = -4*s + 48, 2*s + 2*w = w + 36. Is s a multiple of 4?
True
Is 90/5 - (-4)/(-1) a multiple of 4?
False
Is 87*1/3 + 3 a multiple of 32?
True
Suppose 5*x + 2*w - 902 = -0*w, -5*x + 896 = -4*w. Does 15 divide x?
True
Is 16 a factor of (-580)/(-6) - 2/3?
True
Suppose 0 = 2*a - 3*q - 7, -3*a + 5 = -0*a + q. Does 4 divide -1 - a/(-4)*22?
False
Let i(s) = 4*s**2 - 4*s - 23. Let v(j) = j**2 - j - 8. Let u(c) = 4*i(c) - 11*v(c). Is 14 a factor of u(4)?
True
Let l be 3/9*(0 - -6). Let v(d) = -5*d**3 + 8*d**l + 0 + 5*d - 3 + 6*d**3. Is 11 a factor of v(-7)?
True
Let f = -149 + 165. Is f a multiple of 7?
False
Let h(t) = t**3 + t + 4. Let b be h(0). Let k = 2 + 43. Suppose k = b*j + 5. Is j a multiple of 5?
True
Let j(i) = -i**2 + 2. Let p be j(0). Let d be 6/(-8)*(p + 2). Is 3 a factor of (4 - 6)*d/2?
True
Let j = 7 + -5. Suppose 2*p + 2 = 0, 5*b - 68 + j = -4*p. Does 14 divide b?
True
Let m = -112 + 207. Does 19 divide m?
True
Let l be 12/(-42) - (-60)/14. Is 4 a factor of 305/20 + (-1)/l?
False
Suppose -i + 30 = 5*g, i - 4 = -2*g + 5. Is 4 a factor of g?
False
Suppose -r + 43 = 5. Is r a multiple of 19?
True
Let v(c) = c**2 - 8*c. Let b be v(8). Is 12 a factor of (7 + b)*(-4 + 9)?
False
Is (-5 - -1)*198/(-4) a multiple of 18?
True
Let a(f) = -5*f + 3 + 4*f - 12. Let i be a(-9). Suppose -3*b + z + 130 = 0, 5*b - 4*z + 66 - 292 = i. Is 14 a factor of b?
True
Let d be (-1)/3 - (-10)/3. Suppose 5*b + 5 = 4*i, 0*b = d*b + i - 14. Suppose -b*j + 31 = -17. Is 16 a factor of j?
True
Let p be -2*(-3)/(-12)*-94. Suppose 53 = 5*v - p. Is v a multiple of 6?
False
Suppose z + c - 5 + 2 = 0, -5*c = 5. Let v(k) = 3*k**2 - 2*k - 2. Is 10 a factor of v(z)?
False
Suppose -4*g + 4 = -12. Let q = g + 3. Is q even?
False
Let x be (-2)/8 + (-89)/(-4). Suppose -3*z + 8 = -z. Suppose -y + c + x = 0, 0*c = -c + z. Is y a multiple of 15?
False
Suppose -167 = -x - 4*d, -x - x = -d - 316. Does 14 divide x?
False
Does 13 divide (-6)/(-4)*(178/3 - 0)?
False
Let m(b) = -18*b + 9. Is m(-3) a multiple of 9?
True
Suppose -2 = 3*q - 5*q. Is 14 a factor of (-183)/(-4) - q/(-4)?
False
Let m be -4 + 8 + 1 + -1. Suppose 4*b - z + 257 = 0, 0 = -3*b - b + m*z - 260. Let w = -37 - b. Does 15 divide w?
False
Let l be 140/8*(-4)/(-5). Suppose 5*v = -l + 89. Is 15 a factor of v?
True
Let f be (6 - 5)*(5 + 0). Does 23 divide (f + -7)*46/(-4)?
True
Let n = 118 - 53. Is 18 a factor of n?
False
Let y(c) = c - 2*c + 24 + 22. Let f be y(0). Let d = -24 + f. Is 9 a factor of d?
False
Let f = -10 + 25. Suppose -5*n - 2*a + f = -a, 4*n - 26 = 2*a. Suppose 5*y + 223 = 3*q, -2*q + n*y - y + 147 = 0. Does 22 divide q?
True
Let n(x) = -2*x + 23. Is n(10) a multiple of 3?
True
Let p = 1 - 9. Let o(i) = 7 - 2 + 6 - 2*i. Is o(p) a multiple of 18?
False
Let h = 2 + 28. Is 10 a factor of h?
True
Is 70/(-15)*54/(-4) a multiple of 25?
False
Suppose -10 = -5*q, 2*z + 2 = 5*q - 2*q. Let g(w) = 6*w**2 - 5*w - 20. Let r(b) = -2*b**2 + 2*b + 7. Let f(u) = 4*g(u) + 11*r(u). Is f(z) a multiple of 9?
True
Suppose -2*a + 560 = -0*a. Is 56 a factor of a?
True
Let z = 291 - -45. Is z a multiple of 21?
True
Let m be 1*((-18)/(-3))/(-1). Does 7 divide 4 + -2 + m/(-1)?
False
Let l(g) = -g**3 - g**2 - g + 40. Let p(k) = -k + 4. Let u be p(4). Let n be l(u). Let b = -16 + n. Is b a multiple of 12?
True
Suppose -2*m - 23 = 2*c - 139, 0 = -m + 3*c + 62. Suppose 0 = -2*b + 209 - m. Does 13 divide b?
False
Let o(z) = z. Let j(u) = -3*u. Let m(i) = -j(i) - 5*o(i). Let a be m(-2). Suppose 0 = 3*d - 2*d - a. Is d a multiple of 3?
False
Let v = 11 - 17. Is (2/4)/(v/(-780)) a multiple of 20?
False
Let f(n) = n**2 - 4*n + 3. Let x be f(3). Suppose x*i = -2*i. Suppose i = -3*r + 79 - 1. Is 18 a factor of r?
False
Let n = 57 - 15. Is 12 a factor of n?
False
Let n(i) = 9*i + 10. Let f(a) = a + 1. Let h(k) = -6*f(k) + n(k). Let y be h(5). Suppose y - 7 = 3*m - 3*l, 2*m - l - 9 = 0. Does 5 divide m?
True
Let s = -10 + 10. Suppose -u + 14 + 0 = s. Suppose 4*a = 5*d - a - 35, u = 2*d - 4*a. Is d a multiple of 7?
True
Does 9 divide ((405/10)/1)/(1/2)?
True
Let d(l) = 30*l - 6. Is 18 a factor of d(3)?
False
Let n(b) = 16*b. Let h be n(1). Suppose 0 = 2*g - 58 - h. Is g a multiple of 15?
False
Suppose f + 4*m - 38 = 0, 2*f = -0*f - 2*m + 52. Suppose g = -2*r - 6, 5*r - 2*r + f = 5*g. Suppose g = z - 10. Is 4 a factor of z?
True
Suppose 1104 = 4*j + 280. Suppose -4*x - 2*p - p + j = 0, -4*x = 5*p - 202. Is 26 a factor of x?
False
Suppose -3*s - 441 + 120 = 0. Let u = 151 + s. Is u a multiple of 9?
False
Suppose 0 = 3*m - 2*m - t - 171, 5*m = -4*t + 828. Is m a multiple of 14?
True
Let x(l) = 3*l - 3. Let h(u) = 9*u - 8. Let a(s) = -3*h(s) + 8*x(s). Let v be a(-1). Suppose -f + v*f = 40. Does 10 divide f?
True
Let u = 7 - 5. Let q = u + 1. Let d(v) = v**2 - v + 1. Is d(q) a multiple of 3?
False
Suppose m = -4*d - 10, 0*m - 4*m = d - 20. Suppose -18 - m = -2*t. Is t a multiple of 6?
True
Let n(v) be the first derivative of v**6/360 + v**5/60 - v**4/24 + 2*v**3/3 - 2. Let z(u) be the third derivative of n(u). Does 7 divide z(-5)?
True
Let m be 2 + -3 + 6*1. Suppose b + 2*b + m*i = 24, 2*b - 2*i = 0. Suppose -1 = -b*q + 113. Is 17 a factor of q?
False
Suppose -t + 2 + 2 = 0. Does 3 divide t?
False
Let h(s) = 33*s - 4. Let x(p) = 33*p - 5. Let k(v) = 3*h(v) - 2*x(v). Is k(2) a multiple of 16?
True
Suppose -2*i = 4*x - 62, 2*i + 3*i = 3*x - 14. Is x a multiple of 5?
False
Let m = -120 - -197. Does 13 divide m?
False
Suppose -1 = -3*g + 17. Is 3 a factor of g?
True
Suppose -4*t + 2*y + 130 = 4*y, -2*t = -3*y - 69. Is (7 - t)/(1/(-2)) a multiple of 13?
True
Let u(m) be the second derivative of m**4/4 - 2*m**3/3 - m**2/2 - 4*m. Is 8 a factor of u(3)?
False
Let w(n) = 3*n. Let v be w(-1). Let o = 2 + v. Does 6 divide (-13 - (3 + -1))/o?
False
Suppose -11*r + 322 = -338. Is 10 a factor of r?
True
Let p(y) = -y**3 - y - 162. Let x be p(0). Is 17 a factor of x/(-15)*(-20)/(-6)?
False
Suppose 80 + 60 = 2*c. Suppose -9*v = -4*v - c. Is v a multiple of 3?
False
Let l be (12/15)/(3/(-15)). Let t(k) = -k**3 - 3*k**2 + 4*k + 2. Is t(l) even?
True
Let b = 5 - 3. Let i(d) = -d - 2*d + 16*d**b + d - 3 + 2. Does 5 divide i(-1)?
False
Suppose -5*h = -6*s + 2*s - 658, -h + 126 = 2*s. Is h a multiple of 39?
False
Let r = 9 + -5. Let f(n) = -15*n - 21. Let o(j) = -2*j - 3. Let t(w) = -4*f(w) + 27*o(w). Is t(r) a multiple of 27?
True
Suppose 5*j = 3*j + 104. Is 29 a factor of j?
False
Let j(s) = -s*